rivative of b**4/6 + b**3/3 + 3*b**2/2 + b. What is the units digit of m(4)?
3
Let k(t) = -t**3 + 6*t**2 - 3*t + 8. Let m be k(6). What is the tens digit of (-1 - -2)*-1*m?
1
Let i = 3 - -3. What is the tens digit of 3/(i/(-8))*-8?
3
What is the units digit of 3792/42 - (-2)/(-7)?
0
What is the hundreds digit of (2 - (8 + -3)) + 118?
1
Suppose 0 = -4*b + 5*b - 18. Suppose 3*u + 0 = -2*l + b, 0 = 4*l - 12. Let h = 2 + u. What is the units digit of h?
6
Let p be (5/(-15))/(2/(-6)). Let l be (p - 1)*(-5)/(-5). Suppose l = -5*n + 12 + 3. What is the units digit of n?
3
Suppose -291 = -2*o + l, 5*o - 737 + 11 = l. What is the hundreds digit of o?
1
Let d(l) be the first derivative of -l**3/3 - 7*l**2/2 - 5*l + 1. Let v be d(-6). Suppose 14 = 5*b - v. What is the units digit of b?
3
Suppose 0 = 5*m + 17 - 112. What is the tens digit of m?
1
Let d = -61 - -111. What is the units digit of d?
0
Let t(j) = j**2 - 5*j - 2. Let b(m) = -m + 1. Let f(o) = -3*b(o) - t(o). Let u be f(8). Let r(v) = -7*v**3 - 2*v**2 + 1. What is the units digit of r(u)?
6
Suppose 2 = -2*b + 6. Let x be (-1 + b)*-1 - 18. What is the tens digit of -3 + 0 - -2 - x?
1
Let x be 27*(-1 + 2)/3. What is the units digit of (x/6)/((-6)/(-28))?
7
What is the hundreds digit of 11 + -6 - 6 - -285?
2
Let b(q) = -65*q**3 + q**2. What is the tens digit of b(-1)?
6
Let q(n) = -3 + 2 + 15*n - 1. What is the tens digit of q(2)?
2
Let z(c) = -2*c - 2. Suppose 24 = -4*y + 5*x - x, -2*y - 15 = -5*x. Let g be 2*y*(-4)/(-8). What is the units digit of z(g)?
8
Let w = 6 - 3. What is the units digit of w?
3
Let g(y) = 4 - 2 + 0 - 2*y + 2. What is the units digit of g(-4)?
2
Let o(t) = -t**3 + 7*t**2 - 5*t - 3. What is the units digit of o(4)?
5
Let m = 81 + -49. What is the units digit of m?
2
Let d = -57 + 108. What is the units digit of d?
1
What is the units digit of (-3)/12 - 338/(-8)?
2
Suppose 3*x - 14 = -5*t, 0 = -t - x - 4*x + 16. What is the units digit of t - -6*6/9?
5
Let l = -21 + 38. What is the units digit of l?
7
Let t = 0 - -33. Suppose r - 13 = 4*d + 19, -4*r - 3*d + t = 0. What is the units digit of r?
2
Suppose -2*b - 10 = -4*b. Suppose -3*z + b*z = 0. Suppose 3*y - u + 10 - 28 = z, 4*y = u + 24. What is the units digit of y?
6
Let p(m) = m**3 + 2*m**2 - 11*m - 3. What is the tens digit of p(4)?
4
Suppose 23 + 10 = 3*i. What is the units digit of i?
1
Suppose -4 = -f, -f + 9 = 8*k - 3*k. Let h = 5 - k. What is the units digit of h?
4
Let w(t) = t**3 - 9*t**2 + 10*t + 2. Let c be w(8). Suppose k = -28 - c. What is the units digit of (-4)/6 + k/(-6)?
7
Let k(v) = 15*v**2 - 3*v + 3. What is the units digit of k(-2)?
9
Let t(f) = 3*f - 3. Let a(w) = -w**2 + 7*w - 4. Let d be a(6). Let l(y) = y**3 - y**2 - 2*y + 2. Let z be l(d). What is the units digit of t(z)?
3
Suppose 2*s - 5*l - 47 = 0, -s - 6*l + 4 = -2*l. Let z = s + 20. What is the units digit of z?
6
Let f(q) = q**2 - 10*q - 7. Suppose 0 = 5*i - 10*i - 3*v + 40, 4*i - 3*v - 59 = 0. What is the units digit of f(i)?
4
Let z be (-4)/(-16) - (-30)/8. Let a = 2 - z. Let j = 5 - a. What is the units digit of j?
7
What is the units digit of 145 - (-5 + 13 - 2)?
9
Let r = 121 + -23. What is the tens digit of r?
9
Let d(v) = 2*v**2 + 2. Let b be d(2). Suppose 2*z + 0*z - b = 0. What is the units digit of z?
5
Let n(p) = -30*p + 1. Let d be n(1). Let y = d + 55. What is the units digit of y?
6
Suppose 0 = 2*z - 2*q - 150, -3*q = 3*z - 19 - 176. Suppose 6*l + n - z = l, -5*l - 3*n + 60 = 0. What is the tens digit of l?
1
Let w = 1 + -1. Suppose -m + 2 + 6 = w. Suppose -m - 4 = -t. What is the units digit of t?
2
Suppose 3*l = -87 - 90. Let k = -39 - l. What is the tens digit of k?
2
Let f = -24 + 48. What is the units digit of f?
4
Let u be (-1)/2 - 10/4. Let s(d) = d**3 - 4*d + d - 6*d**2 + 8*d**2 + 1 + 1. What is the units digit of s(u)?
2
Suppose -23 = -5*l - 3. Suppose l*p = 9*p - 50. What is the units digit of p?
0
Suppose 2*l = 3*l. Suppose 0 = -2*w - c, 0 = -l*w - 3*w - 2*c. Let s = w - -2. What is the units digit of s?
2
Suppose -3 = -s + 33. Suppose 0 = -3*h + 5*h + s. Let g = h - -31. What is the tens digit of g?
1
Let g(h) = -8*h. What is the tens digit of g(-3)?
2
Suppose -3*d + 268 = -8. What is the units digit of d?
2
Suppose i = 5*m + 20, -5*m = -2*i + 29 - 4. Suppose 0 = -y - 5*j, i*y = j + 116 - 38. What is the tens digit of y?
1
Let l = -480 - -805. What is the units digit of l?
5
Suppose 4*z = -z + 2*w + 802, -z + 159 = w. What is the tens digit of z?
6
Let z(w) = -w - 7. Let x be z(-9). Suppose -2*u = 3*p - 8, -2*u - x*u = -5*p - 16. Let b = 3 - p. What is the units digit of b?
3
Suppose 5*t - 99 - 71 = -5*y, -3*t = -2*y - 82. What is the tens digit of t?
3
Suppose 0 = -6*u + 8*u - 10. What is the units digit of u?
5
Suppose 4*y - 13 + 1 = 0. Suppose 2*d + 3 = d - i, -4*i + 2 = -y*d. Let r(h) = h + 3. What is the units digit of r(d)?
1
Let k = 0 + 4. What is the units digit of (3 - (-3 + 6)) + k?
4
Suppose 3*c - 690 = 4*u - u, u + 238 = -3*c. What is the tens digit of (1/2)/((-4)/u)?
2
Suppose -3*d + 10 = -20. Suppose d = 3*p + 1. What is the units digit of (-2 + p)/((-1)/(-5))?
5
Let t(g) = g**2 - 6*g + 7. Let j be t(5). What is the units digit of 3/(j + 26/(-16))?
8
What is the units digit of (168/(-5))/(-4) - (-6)/10?
9
Let f(p) = -3*p + 13. Let s be f(9). What is the tens digit of (-318)/s + (-4)/(-14)?
2
Let z(v) = v + 2. Let h be z(-7). What is the units digit of 1/h + 130/25?
5
Suppose 2 = p - 4. Suppose g - 4 - 6 = q, 0 = g - 5*q - p. What is the units digit of g?
1
Let y = 170 - 175. Let v(d) = 3*d**2 - d - 3. Let n be v(-3). Let o = y + n. What is the tens digit of o?
2
Suppose 3*b - 5 = -2*o, 0*o - 17 = -5*o - 3*b. What is the units digit of o?
4
Let f(h) = 13*h. Let t be 3/3 - (1 - 1). What is the tens digit of f(t)?
1
Let x(o) = -13*o**2 + 6*o**3 - 17 - 4*o**3 + 15*o - 2*o**3 + o**3. What is the tens digit of x(12)?
1
Let h(l) = l**2 + 5*l + 4. Let y be h(-8). Let n be (-5)/(-25) + y/10. Suppose 3*z - n = 6. What is the units digit of z?
3
Suppose 5*h + 1280 = 5*y, 5*y + 0*h - 1287 = -2*h. What is the tens digit of y?
5
Let g(q) = 4*q - 1. Let z be g(1). Suppose 0 = -3*w + 5*r - z, 9 = 3*r - 0. Suppose 2*k - w*k + 22 = 0. What is the units digit of k?
1
Suppose 0 = 3*o - 2*o. Suppose o*u = -u. Suppose u = -5*d - 3*c + 17, 5*d - 4*c - 18 - 6 = 0. What is the units digit of d?
4
Let u = -9 + 7. Let t = u + 13. What is the units digit of t?
1
What is the units digit of 1 - 36/(-2)*(7 - 1)?
9
Let j(i) be the second derivative of i**5/20 + 5*i**4/12 + 5*i**3/6 + i**2 - 2*i. Suppose d = -4*d - 15. What is the units digit of j(d)?
5
Let v be (-12)/4 + (30 - -1). Suppose -5*n + 4*l + v = -59, -3*l = -6. What is the units digit of n?
9
Let z = 76 + -36. What is the units digit of z?
0
Let g(k) = 2*k - 4. Let b be g(3). Suppose -4*l = -12, l = h - b*l - 1. What is the tens digit of h?
1
Let h = 31 - 4. What is the tens digit of h?
2
Let q = 6 + -4. Suppose -4*d + 14 = -3*d + 3*x, 4*x - 24 = -q*d. Suppose -5*b - 5*v = -10, 3*v = 3*b + d*v - 6. What is the units digit of b?
2
Let d = -21 + 9. Let h = d - -16. What is the units digit of h?
4
Let m = 2 - -2. Let d = 5 - 8. What is the units digit of 2/4*m - d?
5
Let r(k) = 1 - 3*k + 0*k**2 + k**2 - 1 - 2. What is the units digit of r(7)?
6
What is the tens digit of ((960/18)/8)/((-2)/(-3))?
1
Let x(l) = l + 7. What is the tens digit of x(5)?
1
Suppose 17*i - 8*i - 189 = 0. What is the tens digit of i?
2
Let p(u) = -u**2 - 7*u - 2. Let q be p(-5). Let n(l) = 3*l + 16. What is the units digit of n(q)?
0
Let n be (-5 + 3)/((-2)/3). Suppose n*s + 3 - 9 = 0. What is the units digit of s?
2
Suppose -5*j + 2*a + 185 = 0, 97 = 3*j - 3*a - a. Let u be (-1 + 2 + -1)*1. Suppose u = 5*l - j - 6. What is the units digit of l?
9
Let x = 58 + -28. What is the tens digit of x?
3
Let w(h) = 41*h - 3. Let v(i) = i**3 + 4*i**2 - 3*i - 6. Let y be v(-4). Let m(x) = -14*x + 1. Let o(z) = y*w(z) + 17*m(z). What is the units digit of o(1)?
7
Let g(t) = -3*t - 2. Let w be g(-2). Let o(h) = h**2 - 4*h + 6. Let k(i) = i + 1. Let b(r) = -k(r) + o(r). What is the units digit of b(w)?
1
Let c = -141 - -239. What is the units digit of c?
8
Let p(h) be the third derivative of -3*h**4/8 + h**3/6 - 